y?
5
Let m = -33535 - -33825. Suppose 3*g + 2*g = 580. Calculate the highest common divisor of g and m.
58
Suppose -4*s + 18 = -30. Let z be (-12)/(-2) - (-15 + s). Let v(g) = 3*g**2 - 2*g + 1. Let r be v(2). Calculate the greatest common factor of r and z.
9
Suppose 5*i - 780*d - 7744 = -783*d, -2*d + 1546 = i. Calculate the greatest common factor of i and 30.
10
Let r = -24633 - -43093. Calculate the highest common factor of r and 52.
52
Suppose -w = -k + 5, -w + 3*k + 21 = -2*w. Suppose 9 = -4*z - 6*u + u, 2*z + u = -3. Let b be 18*z*(4 + w). What is the highest common factor of b and 36?
18
Let x be (-1 - 18/(-22)) + (-2660)/(-836). Let f be (-45)/36*-8 + x. Calculate the highest common divisor of 1053 and f.
13
Let v(q) be the first derivative of -q**3/3 - 3*q**2/2 + 119*q + 28. Let g be v(0). Suppose -m + 34 = m. Calculate the highest common divisor of g and m.
17
Let t = 22383 + -22351. What is the greatest common divisor of t and 27?
1
Let j be (-10)/15*(92/8 - -2). Let y be -5 - -6 - 4 - j. What is the highest common divisor of 6 and y?
6
Let d be ((-210)/(-4))/(6/((-9540)/(-15))). Calculate the greatest common divisor of 105 and d.
105
Let g(m) = m**3 - 12*m**2 + 8*m - 18. Let p be ((-11)/(165/36))/(3/(-15)). Let h be g(p). Calculate the greatest common factor of h and 52.
26
Let d(f) = -3*f - 62. Let j = 567 + -607. Let c be d(j). Calculate the highest common factor of c and 319.
29
Let l be 4*6 - (0 - -1). Suppose -l = -4*z + 3*z. Let j be (-28)/14*23*-4. Calculate the highest common factor of z and j.
23
Suppose -6*d - 3*a = -3*d - 141, 5*a = 3*d - 133. Suppose -z - 4*s = -d, -5*s + 26 = -z + 90. Calculate the highest common factor of 144 and z.
18
Let f = 512 + -1054. Let y = f - -701. What is the highest common factor of y and 53?
53
Suppose -k + 53 - 41 = 0. Suppose -2*x - 2*x - 4*o = -k, 3*o + 3 = 0. Suppose 2*v = 3*v - 5*q, x*q + 4 = v. Calculate the highest common factor of v and 4.
4
Suppose -2 = -n + f, -4*f = n - 6*f + 1. Suppose 2*v = 4, -5*y = -2*y + n*v - 145. Calculate the highest common divisor of 72 and y.
9
Let j = 523 + -267. Let s be -2 - (-4 - -1) - -127. Suppose -s = -3*x - x. What is the highest common divisor of x and j?
32
Let g(r) = 39*r**2 - 113*r + 666. Let p be g(6). What is the greatest common factor of 132 and p?
12
Let k be (-465)/(-35) - (-2)/(-7). Let c(j) = -j**3 + 20*j**2 - 66*j + 17. Let i be c(k). What is the greatest common factor of 76 and i?
38
Let u = 3376 - 2572. Calculate the greatest common factor of u and 84.
12
Suppose -2*a + 6 = -13*x + 17*x, 2*x - 47 = -5*a. What is the highest common divisor of 11 and a?
11
Let g = -598 + 1038. Suppose -7*k = -29*k + g. Calculate the greatest common factor of 80 and k.
20
Let q be (5 + 7)/((-44)/(-770)). Calculate the greatest common factor of 15540 and q.
210
Let z(q) = 16*q**3 + q - 2. Let t be z(1). Let j be (-3)/2 - 102/(-12). Let r(y) = 23*y + 4. Let f be r(j). What is the greatest common divisor of f and t?
15
Let a(u) = -u**3 + u**2 + 28. Let j be a(0). Let l = 44 - j. Let h be (2 - -1)/(21/560). What is the greatest common factor of l and h?
16
Let d = -19564 - -20089. What is the highest common divisor of 1425 and d?
75
Suppose -5*v + 9694 = 28*t - 31*t, 23337 = 12*v + 3*t. Calculate the greatest common factor of 134 and v.
67
Let j = 61 + -47. Let s = 666 + -512. What is the highest common divisor of j and s?
14
Suppose o - 2*n + 0 = 2, -3*n + 11 = 2*o. Suppose -5*t = o*c - 48, 0 = -3*t - 2*t + 2*c + 66. What is the greatest common divisor of t and 30?
6
Let v(x) = -15 + 18*x**2 + 3*x**2 - 20*x**2 + 2*x. Let k be v(10). Calculate the greatest common divisor of k and 3.
3
Let n be ((-35)/((-1470)/(-864)))/(4/(-14)). What is the greatest common divisor of n and 150?
6
Let u(w) = 12*w**2 + 168*w + 100. Let k be u(-16). Calculate the highest common factor of k and 4.
4
Let q = -3788 - -3798. Calculate the greatest common factor of 2000 and q.
10
Let h(m) = 87*m + 4763. Let p be h(-55). Let k = -15 - -39. Let b = k + p. Calculate the greatest common factor of 34 and b.
2
Suppose 0 = 90*z - 98*z + 16. Let k = 88 - z. Calculate the greatest common divisor of 2 and k.
2
Suppose -2*q + 254 = 126. Let g be 6/(-20)*q/24*-10. Let s be 558/g - 12/(-48). Calculate the highest common factor of 10 and s.
10
Suppose 0 = 6*d - 11*d + 2*b - 48, -b = 1. Let v be 2/d - (-22)/10. Suppose -w = -v*q + 91, -q - 3*w + 38 = -w. What is the greatest common divisor of q and 11?
11
Let h be 10/(-6) + (-136)/(-24) + -5. Let d(w) = 14*w**2 + 21*w + 22. Let g be d(h). Calculate the greatest common divisor of g and 10.
5
Let u be 76378*(-4)/(-56) + (78/(-14) - -6). What is the highest common factor of 55 and u?
11
Suppose 4*y + 3104 = 5*a, -11*a = -8*a + 3*y - 1884. Suppose -2 = 4*i + 2*s - 52, -i + s = -11. Calculate the highest common divisor of a and i.
12
Let o(i) = 5*i + 77. Let z be o(14). Suppose -3*u = g - z, 0 = -2*u + 2*g + 54 + 52. What is the highest common divisor of 225 and u?
25
Let x = 12884 - 12546. What is the highest common factor of 1274 and x?
26
Suppose -318*o + 37 = -316*o - v, -3*o + 48 = -3*v. Let l be (1 - -2)/(2/224). What is the greatest common factor of l and o?
21
Suppose -2*b = -112 - 154. Let w = 136 - b. Calculate the highest common factor of 24 and w.
3
Let n = 90 + -97. Let f = n + 115. Let w = f + -72. Calculate the highest common factor of 54 and w.
18
Let q(y) = 5*y**2 + 42*y + 261. Let a be q(-8). Let z = a - 230. What is the greatest common divisor of z and 105?
15
Suppose 82 = 2*w - 128. Suppose -345 = -8*b - w. What is the greatest common divisor of 195 and b?
15
Let n be (-90)/((-1815)/660 - (-2)/1). Let r(l) = -l**3 - 3*l**2 + 7*l + 5. Let z be r(-5). Calculate the highest common divisor of n and z.
20
Let h be -9 - (0 - -6)*-2. Let i be (324/(-5))/((-189)/60 + h). What is the highest common divisor of i and 27?
27
Let z be (-216)/(-3348) - 39614/(-62). What is the greatest common divisor of 18 and z?
9
Suppose -423*l + 5379656 = 488163 + 526133. What is the highest common factor of 720 and l?
240
Suppose 41 = 5*g + 3*v, v - 6 = -5*g + 31. Let q be (-2)/(-2)*-6 - (-360 - 115). What is the highest common factor of q and g?
7
Suppose -13 + 55 = 14*d. Suppose -163 = -2*j - w, 7*w - 12*w + 241 = d*j. What is the highest common divisor of 4 and j?
2
Let h be -1*(3 + 1 + -2). Let q(s) = 527 - 16*s**3 + 517 - 4*s - 3*s**2 - 1042. Let v be q(h). Calculate the greatest common factor of v and 36.
18
Let a = -55 - -63. Let p be (a*(12 + -11))/((-1)/(-25)). Calculate the highest common divisor of p and 50.
50
Suppose 6*o - 63 = -15. Let l(x) = x**2 - 11*x + 23. Let m be l(o). Let g be m/((-15)/(-10)) + (-105)/(-9). What is the greatest common divisor of g and 44?
11
Let j = -13290 + 13312. What is the highest common divisor of 542 and j?
2
Let u(o) = o**2 - 9*o + 3. Let s be u(7). Let x = s - -46. Let k be 5 - (93/(-124))/((-3)/(-8)). Calculate the greatest common factor of x and k.
7
Let l = -2812 - -5168. Calculate the greatest common factor of 992 and l.
124
Let w be (-84*6/12)/(1 - 2). Suppose -19*y + w = -17*y. What is the highest common divisor of y and 105?
21
Suppose -232 = -72*q + 56. Suppose -2*y + 27 - 33 = -2*g, g = q*y. Let n(c) = -3*c + 5. Let i be n(-4). Calculate the greatest common factor of i and y.
1
Let b = -109 + 109. Suppose b = 4*d - z - 34, 4 = -d - 5*z + 2. Suppose -3*y = 2*q - 4, -5*q - 3 = y - 13. Calculate the highest common factor of q and d.
2
Let m(v) = -1325 - 3*v**2 + 1321 + 8*v**2. Let r be m(-2). Calculate the greatest common divisor of 208 and r.
16
Suppose 4*n - 108 = -5*r, -2*n = -r + 2*n + 12. Suppose 13*f = -231 + 296. What is the greatest common divisor of r and f?
5
Suppose -g - 13 = -a - 5, 5*a = -2*g + 12. Let z be (79/5)/(105/25 - a). What is the greatest common divisor of z and 395?
79
Let c = 688 - 490. Suppose -38*a = -25*a - 572. What is the highest common divisor of c and a?
22
Let w = 7 - 2. Suppose 987 = 4*j - w*m, -137 = -2*j - m + 360. Calculate the greatest common factor of 4 and j.
4
Suppose -2*l - 2*c + 54 = 0, -l + 58 - 16 = -2*c. Let g(q) = -2*q**3 - 9*q**2 - 229*q - 1058. Let v be g(-5). Calculate the highest common factor of l and v.
16
Let v(j) = 40*j + 40. Let r be v(6). Supp